 3, 5
What are the prime factors of 970/3 + -2 + 35/21?
17, 19
Suppose -t - 3*t + 66 = 3*n, 3*n - 4*t = 42. Suppose -5*m + 16*m - 44 = 0. List the prime factors of n*2 - -3 - m.
5, 7
Suppose -2*h = 2*f - 759 + 45, -2*h - 3*f = -717. List the prime factors of h.
2, 3, 59
Suppose -5*g - 12 = 5*m + 48, -64 = 5*m + 4*g. What are the prime factors of (-135)/(-4)*m/(-6)?
2, 3, 5
Let j(b) = 42*b**2 - 3*b + 1. Let a(z) = z. Suppose -15 = -5*l - 0*l. Let y(p) = l*a(p) + j(p). What are the prime factors of y(1)?
43
Let a = -5 + 7. Suppose a*u + 4 = -0. What are the prime factors of 11*u/4*-2?
11
Let y(x) = -437*x + 1. Let d be y(-2). Suppose r = -4*g + d, -170 = -g + r + 50. List the prime factors of g.
3, 73
Suppose 4*f + 6 = 2*f. Let j(q) = -27*q - 8. List the prime factors of j(f).
73
List the prime factors of (-50)/(-300) + 3/(36/4222).
2, 11
Let q = 93 - -12. Suppose 99*w - 94*w = q. What are the prime factors of w?
3, 7
Let x(f) = f - 7. Let v be x(9). Suppose v*s - 3*s + 55 = 0. What are the prime factors of s?
5, 11
Let o(w) = 17*w - 6. Let k be o(-2). Let s = k - -58. What are the prime factors of s?
2, 3
Let z(r) = -3*r - 27. Let k be z(-7). Let c = 38 - k. What are the prime factors of c?
2, 11
Let u(d) = d**3 - 7*d**2 + 10. Let m be u(7). Let x = 30 + m. What are the prime factors of x?
2, 5
List the prime factors of 68/5*(-455)/(-14).
2, 13, 17
Let m(o) = 3*o + 45. Suppose -4 = 4*a - u, -6 + 2 = -2*a - u. What are the prime factors of m(a)?
3, 5
Let q(l) = 0 + 18*l + 9 - 5 - 5. List the prime factors of q(5).
89
List the prime factors of (-1 - 59)*(-1 + (-318)/30).
2, 3, 29
Let u = -67 - -20. Let y = u + 33. Let c(i) = i**2 + 13*i + 11. What are the prime factors of c(y)?
5
Suppose 639 = 4*m - 273. What are the prime factors of m?
2, 3, 19
Suppose -5*z + 4*a = 72, -2*a + 28 + 2 = -2*z. List the prime factors of (44/z - -3)*-90.
2, 3, 5
Let b = -12 - -12. Let o = -41 - -44. Suppose -o*v + 8 + 82 = b. List the prime factors of v.
2, 3, 5
Let q(z) = -13*z + 3. Let r(c) = -51*c + 13. Let o(p) = -9*q(p) + 2*r(p). What are the prime factors of o(4)?
59
Let i = -200 + 666. List the prime factors of i.
2, 233
Let b(p) be the second derivative of p**5/20 + p**3/3 + 52*p**2 + p - 14. List the prime factors of b(0).
2, 13
Suppose r - 4 = 2*w, 2*w - 4*r - 6 - 2 = 0. List the prime factors of 769/13 - w/(-26).
59
Suppose -3*u = 5*k + 1482 - 3829, -5*k + 2351 = 4*u. List the prime factors of k.
467
Let g be 171/38*4/6. List the prime factors of (90 - 2) + -1 + g.
2, 3, 5
Let q = 15 - 13. List the prime factors of ((-99)/6)/(q/(-12)).
3, 11
Let p = -1745 + 2729. List the prime factors of p.
2, 3, 41
Let z(n) be the third derivative of n**4/2 + n**3/3 + 3*n**2. Let j be (-1)/4 + 26/8. List the prime factors of z(j).
2, 19
Let x(z) = -21*z**2 + 5*z - 6. Let q(a) = -a**2 + a - 1. Let m(l) = 3*q(l) - x(l). What are the prime factors of m(1)?
19
Let u(x) = x**3 - 12*x**2 + 10*x + 22. Let p be u(11). Let c(g) = 7*g + 23. List the prime factors of c(p).
2, 5
Let a(i) = 2*i + 88. List the prime factors of a(-32).
2, 3
Suppose 4*a - 170 = -3*y, 4*a - 278 = -4*y - y. Let k = y - -68. What are the prime factors of k?
2, 61
Let k be ((-1)/3)/((-3)/18 - 0). Suppose 0 = -k*w - 3*a - 2*a + 153, 2*w = -a + 173. List the prime factors of w.
89
Let r(m) = 3 + 12*m + m**2 + 1 + 12*m - 7*m. What are the prime factors of r(-20)?
2
Suppose 0 = 70*u - 444 - 190936. What are the prime factors of u?
2, 1367
Let c = 1382 + -718. What are the prime factors of c?
2, 83
Suppose 5*y - 5*b + 1420 = 0, 2*y - b + 1416 = -3*y. Let i = y - -464. List the prime factors of i.
181
Let u = -519 - -567. What are the prime factors of u?
2, 3
Let g be (1/3)/(-1 + (-40)/(-36)). Suppose 389 = 5*m - g*z - 37, 2*z - 267 = -3*m. List the prime factors of m.
3, 29
Suppose 20*p - 1534 = -6*p. List the prime factors of p.
59
Let v = -14 + 2. List the prime factors of ((-4)/v)/((-1)/(-111)).
37
Suppose u - 1253 = 2*c, 0 = 16*c - 18*c. List the prime factors of u.
7, 179
Let z(l) = 166*l**2 + 86*l + 5. List the prime factors of z(-5).
5, 149
Let s = -732 + 243. Let m = -294 - s. Suppose m = z + 4*z. List the prime factors of z.
3, 13
Let n(s) = -6*s + 4*s + 15*s + 1. Let a(v) = -v + 1. Let y(b) = 3*a(b) + n(b). List the prime factors of y(5).
2, 3
Let n = -84 + 84. Suppose 0 = 5*t - n*t - 140. List the prime factors of t.
2, 7
Let h be 3/6 + (-131)/(-2). Suppose 0 = 4*p - 8, -2*t - 2*p + 15 = -3*t. List the prime factors of (-200)/t - 12/h.
2, 3
Let k(d) = -13*d + 59. What are the prime factors of k(-13)?
2, 3, 19
Let w be ((-28)/12)/((-3)/9). Let v(k) = k**2 - 6*k - 5. Let n be v(w). Suppose j + 0*j = 3*h - 162, 0 = -h + n*j + 54. List the prime factors of h.
2, 3
Let s(f) be the second derivative of -f**3/6 + 2*f**2 + 4*f. Let p(n) = -n**2 + 6*n + 9. Let h be p(7). What are the prime factors of s(h)?
2
Let u(r) be the first derivative of 37*r**3/3 - r**2/2 + r - 6. Let m be u(2). Suppose -23 = 4*b - m. What are the prime factors of b?
31
What are the prime factors of (-6 - -9)*10 - 4?
2, 13
Let u(x) = 2*x - 51. Let y(n) = -n + 26. Let m(q) = -4*u(q) - 7*y(q). Let o be (-2)/4*-2 + -1. What are the prime factors of m(o)?
2, 11
Let i(l) = l**3 - 9*l**2 + 2*l - 19. Let u be i(9). List the prime factors of 187*(3 + -2) + u.
2, 3, 31
Let o = -49 - -85. What are the prime factors of (66/(-4))/(o/(-24))?
11
Suppose -k + 1 = 5*l, 1 = 5*k - 2*l - 139. List the prime factors of k/1*3/((-6)/(-5)).
5, 13
Let s(f) = -f + 1 + 0*f**2 + 2*f**3 + 1 - 2*f**2 - 1. Let b be s(2). Let o(c) = -c**2 + 10*c + 5. What are the prime factors of o(b)?
2, 13
Suppose -111 - 366 = -9*k. List the prime factors of k.
53
Let v(s) = 305*s**3 - 3*s**2 + 2*s. List the prime factors of v(1).
2, 19
Suppose 4*z + 76 = -h + 3*h, 0 = -4*h + 3*z + 167. What are the prime factors of h?
2, 11
Let b = -184 + 890. List the prime factors of b.
2, 353
Suppose 3*i + 24 = b - 2*i, 5*b - 28 = 2*i. Suppose 0 = -b*u + 18 + 122. List the prime factors of u.
5, 7
Suppose 38 = -5*j - 2*z - 4, -20 = 3*j - 4*z. Let m = j - -13. List the prime factors of (18/m)/(2/10).
2, 3
Suppose 54*b + 1234 = 56*b. List the prime factors of b.
617
Let j = -1271 + 2721. What are the prime factors of j?
2, 5, 29
Let j = -28 + 28. Suppose -3*a - 12 = j, -2*u + a + 212 = 42. List the prime factors of u.
83
Suppose x = t + 39, -6*x + 109 = -3*x + 5*t. Suppose x = 3*h - h. Suppose -h - 32 = -3*a. What are the prime factors of a?
17
Let v(s) = -2*s**2 + s - 1. Let q be v(2). Let r = q - -16. What are the prime factors of r?
3
Let h(j) = j**2 - 12*j + 20. List the prime factors of h(43).
3, 11, 41
Let k(r) = r - 1. Suppose j + 0 - 2 = 0. Let p be k(j). List the prime factors of p/2*(27 - 9).
3
Let k(u) = 4*u + 242. What are the prime factors of k(0)?
2, 11
Let o(b) = b**3 + 8*b**2 + 10*b + 28. List the prime factors of o(-6).
2, 5
Suppose 109*l - 106*l - 16770 = 0. List the prime factors of l.
2, 5, 13, 43
Let d(g) = g**3 + 6*g**2 - 10*g - 8. Let n be d(-6). Let c(m) = -3*m**2 - m - 3. Let k be c(-3). Let t = k + n. List the prime factors of t.
5
Let m = 4 - -21. Let v be 10/m - 1104/(-15). Let p = v - 53. What are the prime factors of p?
3, 7
Let t = 14 - 11. Let o = -3 - -8. Suppose t = o*a - 57. What are the prime factors of a?
2, 3
Let s(d) = 2*d**3 - 8*d**2 + 9*d - 6. What are the prime factors of s(7)?
3, 13
Suppose 3*w - 5*j - 184 = 0, -4*w + 0*w + 5*j + 237 = 0. What are the prime factors of w?
53
Let m be 1*3*(-2)/(-2). Suppose -m*l - 4 = -13. Suppose -4*p + 75 - 15 = 3*i, 0 = l*i + 12. List the prime factors of p.
2, 3
Suppose -11653 = 10*u - 54693. List the prime factors of u.
2, 269
Suppose -3 = a + z + 1, -z + 12 = -3*a. Let y(x) = x + 9. What are the prime factors of y(a)?
5
Let j = -7 + 8. Let c(d) = 37*d**3 - 2*d + 1. Let v be c(j). Suppose -4*f = -4*s + v, 0*f = 5*s - 4*f - 49. List the prime factors of s.
13
Let w = 29 + -12. Suppose -w = -4*c + 3*i, -3*c - 3*i = -2*c + 7. Let g = c + 0. What are the prime factors of g?
2
Suppose -4*b - 1630 = -2*j, 4*b - 12 = b. What are the prime factors of j?
823
Suppose 22 = -h - y, 2*h = -0*h + y - 29. Let n(w) = -w**3 - 18*w**2 - 19*w - 22. List the prime factors of n(h).
2, 3
Suppose -28 = -3*m - 124. Suppose 0 = 24*f - 27